{"id":57,"date":"2025-10-14T08:52:08","date_gmt":"2025-10-14T08:52:08","guid":{"rendered":"http:\/\/athlerk.cluster100.hosting.ovh.net\/?page_id=57"},"modified":"2025-12-09T17:13:48","modified_gmt":"2025-12-09T16:13:48","slug":"accueil","status":"publish","type":"page","link":"https:\/\/athlerhuys.fr\/","title":{"rendered":"Accueil"},"content":{"rendered":"\t\t<div data-elementor-type=\"wp-page\" data-elementor-id=\"57\" class=\"elementor elementor-57\">\n\t\t\t\t<div class=\"elementor-element elementor-element-a8865b6 e-con-full e-flex e-con e-parent\" data-id=\"a8865b6\" data-element_type=\"container\">\n\t\t\t\t<div class=\"elementor-element elementor-element-4e96eca elementor-widget elementor-widget-heading\" data-id=\"4e96eca\" data-element_type=\"widget\" data-widget_type=\"heading.default\">\n\t\t\t\t\t<h2 class=\"elementor-heading-title elementor-size-default\">Athl\u00e9-Rhuys&nbsp;<div>allier convivialit\u00e9 et performance<\/div><\/h2>\t\t\t\t<\/div>\n\t\t\t\t<div class=\"elementor-element elementor-element-a75d629 elementor-widget__width-initial elementor-widget-mobile__width-initial elementor-widget-tablet__width-initial elementor-widget elementor-widget-text-editor\" data-id=\"a75d629\" data-element_type=\"widget\" data-widget_type=\"text-editor.default\">\n\t\t\t\t\t\t\t\t\t<p>Vous cherchez des partenaires pour partager vos sorties de courses \u00e0 pied ? Il est pour vous plus motivant de retrouver des copains que de courir seul ?<br \/>Bienvenue chez Athl\u00e9-Rhuys.<br \/>Les plus jeunes d\u00e9couvrent les disciplines de l\u2019athl\u00e9. Ils courent, sautent et lancent. Les adultes s\u2019adonnent surtout \u00e0 la course hors stade, cross, course sur route, trail, voire ultra-trail.<br \/>Ce qui caract\u00e9rise Athl\u00e9-Rhuys, c\u2019est une grande convivialit\u00e9. Et cela n\u2019exclut pas la recherche de la performance, pour celles et ceux qui le souhaitent.<\/p>\t\t\t\t\t\t\t\t<\/div>\n\t\t\t\t<div class=\"elementor-element elementor-element-d55ecb7 elementor-widget elementor-widget-image\" data-id=\"d55ecb7\" data-element_type=\"widget\" data-widget_type=\"image.default\">\n\t\t\t\t\t\t\t\t\t\t\t\t\t\t\t<img fetchpriority=\"high\" decoding=\"async\" width=\"768\" height=\"576\" src=\"https:\/\/athlerhuys.fr\/wp-content\/uploads\/2025\/10\/Accueilx5-768x576.png\" class=\"attachment-medium_large size-medium_large wp-image-307\" alt=\"\" srcset=\"https:\/\/athlerhuys.fr\/wp-content\/uploads\/2025\/10\/Accueilx5-768x576.png 768w, https:\/\/athlerhuys.fr\/wp-content\/uploads\/2025\/10\/Accueilx5-300x225.png 300w, https:\/\/athlerhuys.fr\/wp-content\/uploads\/2025\/10\/Accueilx5-1024x768.png 1024w, https:\/\/athlerhuys.fr\/wp-content\/uploads\/2025\/10\/Accueilx5-1536x1152.png 1536w, https:\/\/athlerhuys.fr\/wp-content\/uploads\/2025\/10\/Accueilx5.png 1600w\" sizes=\"(max-width: 768px) 100vw, 768px\" \/>\t\t\t\t\t\t\t\t\t\t\t\t\t\t\t<\/div>\n\t\t\t\t<\/div>\n\t\t<div class=\"elementor-element elementor-element-4c30a09 e-flex e-con-boxed e-con e-parent\" data-id=\"4c30a09\" data-element_type=\"container\">\n\t\t\t\t\t<div class=\"e-con-inner\">\n\t\t\t\t<div class=\"elementor-element elementor-element-88cfab0 elementor-widget elementor-widget-text-editor\" data-id=\"88cfab0\" data-element_type=\"widget\" data-widget_type=\"text-editor.default\">\n\t\t\t\t\t\t\t\t\t<p>Vous souhaitez rejoindre Athl\u00e9-Rhuys pour la saison 2025-2026,<br \/><span style=\"text-decoration: underline;\"><a href=\"http:\/\/athlerhuys.fr\/wp-content\/uploads\/2025\/10\/Adh-Adultes.pdf\">le formulaire d&rsquo;adh\u00e9sion \u00a0Adultes se trouve ici<\/a><\/span><\/p>\t\t\t\t\t\t\t\t<\/div>\n\t\t\t\t\t<\/div>\n\t\t\t\t<\/div>\n\t\t\t\t<\/div>\n\t\t","protected":false},"excerpt":{"rendered":"<p>Athl\u00e9-Rhuys&nbsp;allier convivialit\u00e9 et performance Vous cherchez des partenaires pour partager vos sorties de courses \u00e0 pied ? Il est pour vous plus motivant de retrouver des copains que de courir seul ?Bienvenue chez Athl\u00e9-Rhuys.Les plus jeunes d\u00e9couvrent les disciplines de l\u2019athl\u00e9. Ils courent, sautent et lancent. Les adultes s\u2019adonnent surtout \u00e0 la course hors stade, [&hellip;]<\/p>\n","protected":false},"author":1,"featured_media":0,"parent":0,"menu_order":0,"comment_status":"closed","ping_status":"closed","template":"","meta":{"om_disable_all_campaigns":false,"_monsterinsights_skip_tracking":false,"_monsterinsights_sitenote_active":false,"_monsterinsights_sitenote_note":"","_monsterinsights_sitenote_category":0,"ocean_post_layout":"","ocean_both_sidebars_style":"","ocean_both_sidebars_content_width":0,"ocean_both_sidebars_sidebars_width":0,"ocean_sidebar":"","ocean_second_sidebar":"","ocean_disable_margins":"enable","ocean_add_body_class":"","ocean_shortcode_before_top_bar":"","ocean_shortcode_after_top_bar":"","ocean_shortcode_before_header":"","ocean_shortcode_after_header":"","ocean_has_shortcode":"","ocean_shortcode_after_title":"","ocean_shortcode_before_footer_widgets":"","ocean_shortcode_after_footer_widgets":"","ocean_shortcode_before_footer_bottom":"","ocean_shortcode_after_footer_bottom":"","ocean_display_top_bar":"default","ocean_display_header":"default","ocean_header_style":"","ocean_center_header_left_menu":"","ocean_custom_header_template":"","ocean_custom_logo":0,"ocean_custom_retina_logo":0,"ocean_custom_logo_max_width":0,"ocean_custom_logo_tablet_max_width":0,"ocean_custom_logo_mobile_max_width":0,"ocean_custom_logo_max_height":0,"ocean_custom_logo_tablet_max_height":0,"ocean_custom_logo_mobile_max_height":0,"ocean_header_custom_menu":"","ocean_menu_typo_font_family":"","ocean_menu_typo_font_subset":"","ocean_menu_typo_font_size":0,"ocean_menu_typo_font_size_tablet":0,"ocean_menu_typo_font_size_mobile":0,"ocean_menu_typo_font_size_unit":"px","ocean_menu_typo_font_weight":"","ocean_menu_typo_font_weight_tablet":"","ocean_menu_typo_font_weight_mobile":"","ocean_menu_typo_transform":"","ocean_menu_typo_transform_tablet":"","ocean_menu_typo_transform_mobile":"","ocean_menu_typo_line_height":0,"ocean_menu_typo_line_height_tablet":0,"ocean_menu_typo_line_height_mobile":0,"ocean_menu_typo_line_height_unit":"","ocean_menu_typo_spacing":0,"ocean_menu_typo_spacing_tablet":0,"ocean_menu_typo_spacing_mobile":0,"ocean_menu_typo_spacing_unit":"","ocean_menu_link_color":"","ocean_menu_link_color_hover":"","ocean_menu_link_color_active":"","ocean_menu_link_background":"","ocean_menu_link_hover_background":"","ocean_menu_link_active_background":"","ocean_menu_social_links_bg":"","ocean_menu_social_hover_links_bg":"","ocean_menu_social_links_color":"","ocean_menu_social_hover_links_color":"","ocean_disable_title":"default","ocean_disable_heading":"default","ocean_post_title":"","ocean_post_subheading":"","ocean_post_title_style":"","ocean_post_title_background_color":"","ocean_post_title_background":0,"ocean_post_title_bg_image_position":"","ocean_post_title_bg_image_attachment":"","ocean_post_title_bg_image_repeat":"","ocean_post_title_bg_image_size":"","ocean_post_title_height":0,"ocean_post_title_bg_overlay":0.5,"ocean_post_title_bg_overlay_color":"","ocean_disable_breadcrumbs":"default","ocean_breadcrumbs_color":"","ocean_breadcrumbs_separator_color":"","ocean_breadcrumbs_links_color":"","ocean_breadcrumbs_links_hover_color":"","ocean_display_footer_widgets":"off","ocean_display_footer_bottom":"off","ocean_custom_footer_template":"","omw_enable_modal_window":"enable","footnotes":""},"class_list":["post-57","page","type-page","status-publish","hentry","entry"],"aioseo_notices":[],"_links":{"self":[{"href":"https:\/\/athlerhuys.fr\/index.php\/wp-json\/wp\/v2\/pages\/57","targetHints":{"allow":["GET"]}}],"collection":[{"href":"https:\/\/athlerhuys.fr\/index.php\/wp-json\/wp\/v2\/pages"}],"about":[{"href":"https:\/\/athlerhuys.fr\/index.php\/wp-json\/wp\/v2\/types\/page"}],"author":[{"embeddable":true,"href":"https:\/\/athlerhuys.fr\/index.php\/wp-json\/wp\/v2\/users\/1"}],"replies":[{"embeddable":true,"href":"https:\/\/athlerhuys.fr\/index.php\/wp-json\/wp\/v2\/comments?post=57"}],"version-history":[{"count":137,"href":"https:\/\/athlerhuys.fr\/index.php\/wp-json\/wp\/v2\/pages\/57\/revisions"}],"predecessor-version":[{"id":1388,"href":"https:\/\/athlerhuys.fr\/index.php\/wp-json\/wp\/v2\/pages\/57\/revisions\/1388"}],"wp:attachment":[{"href":"https:\/\/athlerhuys.fr\/index.php\/wp-json\/wp\/v2\/media?parent=57"}],"curies":[{"name":"wp","href":"https:\/\/api.w.org\/{rel}","templated":true}]}}